tors of f?
5, 491
Suppose -2*j - 4 = 0, -3131 = -2*l - 3*l + 3*j. Let y = l + -333. Let h = y - 155. What are the prime factors of h?
137
Let m(h) = -h**2 - 4*h - 3. Let s be m(-3). Suppose 4*d - 296 = -p, s*d = -5*d - 2*p + 367. Suppose -q + 6*q - d = 0. List the prime factors of q.
3, 5
Let y(a) = 611*a - 220. What are the prime factors of y(33)?
7, 11, 37
Let b = 777 - 768. Let p(m) = -22*m**2 - 8 - 4*m - 4 + 25*m**2. List the prime factors of p(b).
3, 5, 13
Suppose 5*q = 4*m - 238 + 76, -3*q - 44 = -m. Suppose m = -j + 14. Let s = 133 + j. What are the prime factors of s?
109
Let f = -90 - -96. List the prime factors of f + -3 + 86 + (-1 - -2).
2, 3, 5
Let l be 94/564 + 23/6. Suppose 3*g = 2*u - 3366, l*u - 6712 = -0*u + g. What are the prime factors of u?
3, 13, 43
Let m = 9 + -4. Suppose -72 = -m*v + z, 0*z - 3*z + 64 = 5*v. List the prime factors of v.
2, 7
Suppose 9*a + 6*a - 60 = 0. Let z be 18/6 + 0*2/a. Suppose z*t = 2*t - 2*b + 269, 5*b + 1141 = 4*t. List the prime factors of t.
3, 31
Let b(w) = -7*w**3 - 6*w + 8. Let v be b(-4). Suppose 2*j = 634 + v. List the prime factors of j.
557
Suppose -s + 3*h = -10355 - 9867, -5*h - 60666 = -3*s. List the prime factors of s.
2, 10111
Let i(g) = -2*g**3 + 123*g**2 - 95*g + 188. List the prime factors of i(57).
2, 12007
Let v be -4 + -1 + 6 + -5 + 12. Suppose 0 = -v*l + 3130 + 390. What are the prime factors of l?
2, 5, 11
Let q(b) = -2*b**2 + 17*b + 20. Let t be q(13). Let m = t + 112. List the prime factors of (-6)/m + (-494)/(-10).
7
Let w = 89 + -89. Let b = 4 + w. Suppose 2*l = b*c + 4*l - 84, 4*c - 2*l - 84 = 0. What are the prime factors of c?
3, 7
Suppose -95 + 5 = 6*m. Let j be (-3)/(((-8)/(-20))/(18/m)). Let h(s) = 13*s - 3. List the prime factors of h(j).
2, 3, 19
Let t(h) = h**3 + 22*h**2 - 33*h - 95. Let q be t(-22). Let s = q + -289. What are the prime factors of s?
2, 3, 19
Let p be (5 - (-56)/(-12))*24/(-2). Let x be -15 + ((-3)/(-3) - p/(-1)). List the prime factors of (x/(-10))/((-28)/(-2380)).
3, 17
Let b = -295 + 413. Let q be (-8)/(-16) + b/(-4). Let v = 55 + q. What are the prime factors of v?
2, 13
Let k(g) = 94*g + 52 + 45*g + 29. What are the prime factors of k(3)?
2, 3, 83
Let g be -105 + 6/(-3) + 0 + -4. What are the prime factors of 8/6 + (-24827)/g?
3, 5
Let p(z) = 16*z + 40. Let x be p(-20). Let m = -28 - x. Suppose -18*r + 20*r - m = 0. What are the prime factors of r?
2, 3, 7
Suppose -65*x + 102*x = -110*x + 2637033. List the prime factors of x.
17939
Suppose 44*m + 48814 = 45*m. List the prime factors of m.
2, 24407
Suppose 0 = -2*g + 3*p + 75850, 79*g - 87*g + 4*p = -303336. What are the prime factors of g?
31, 1223
Let d be (-5 - 2)/7 - -221. What are the prime factors of 120/d - (-2606)/22?
7, 17
Suppose 3*v - 12 = s, 0 = -13*v + 17*v - 16. Suppose s = -7*z + 2*z + 3975. What are the prime factors of z?
3, 5, 53
Let l be (-8)/(-72) - -3*73/(-27). What are the prime factors of 340 + -7 + l + 12?
337
List the prime factors of 1*(-6 + 8 + -1) + (2209 - 3).
2207
Suppose 115*c - 5312 = 107*c. Let s = -224 + c. List the prime factors of s.
2, 5, 11
Let w(b) = 23*b**2 + 7*b + 72. Let x be w(-6). Suppose -2*g = -0*g - x. What are the prime factors of g?
3, 11, 13
Let v = 198 + -493. Let k = -64 - v. What are the prime factors of k?
3, 7, 11
Let s = -37 + 6. Let m = -27 - s. List the prime factors of (7452/14)/6 + m/14.
89
Let b(p) = p**3 + 12*p**2 + p + 21. Let k be b(-12). Let t be -116*k/(-4)*(-52)/(-12). Suppose t = -4*o + 17*o. List the prime factors of o.
3, 29
Let l = -1476 - -1483. Suppose v = -9286 - 2880. List the prime factors of v/(-49) + (-2)/l.
2, 31
Let j(o) be the second derivative of o**4/3 - 7*o**3/6 - o**2 + 10*o. List the prime factors of j(9).
7, 37
Suppose -3*t - 4*v + 1700 = 0, 5*t + 2*v + 423 - 3261 = 0. Let a = t + -298. List the prime factors of a.
2, 3, 5
Let r = -71 + 74. Suppose -r*x + z = -175, 5*x - 2*z - 422 = -130. What are the prime factors of x?
2, 29
Suppose 4*h + 44 = r, -133 + 1 = -5*r - 2*h. List the prime factors of (-12543)/(-148)*r/3.
7, 113
Let u(s) = 2*s**2 + 2*s + 1. Let q be u(-1). Let j be q - (2 + -1) - (-37 + 5). List the prime factors of ((j/10)/4)/((-6)/(-15)).
2
Let u(v) = 2*v**2 + 20*v + 28. Let h be u(23). Let f = h + -821. What are the prime factors of f?
5, 29
Suppose -103*p + 3 = -100*p. What are the prime factors of 7 - (-489 - -2)*p?
2, 13, 19
Let l(o) = 2*o**2 + 49*o + 37. Let p be l(-26). Suppose -3*t = p - 517. What are the prime factors of t?
2, 67
Let t(d) = 2*d**2 - 8*d + 10. Let q be t(4). Let c(x) = -4 - 5 - 12*x + 6 + 2*x**2. What are the prime factors of c(q)?
7, 11
Let z = 5230 + -4144. What are the prime factors of z?
2, 3, 181
List the prime factors of ((-364)/(-6) + -17 + 20)*129.
43, 191
Let s(h) = -153*h - 157. Let k(x) = 38*x + 39. Let g(b) = 9*k(b) + 2*s(b). Let i be g(-9). Let c = -155 - i. List the prime factors of c.
2, 3, 11
Suppose 0 = -g - 2*i + 208, -5*i = 5*g - 964 - 71. Suppose o + g = -2*k, -o - 167 - 41 = 4*k. Let v = -113 - o. What are the prime factors of v?
7, 13
Suppose 19*k - 6 = 21*k. Let q be 200 - (2*k)/3. Suppose -s - 2*n = s - q, 303 = 3*s + 4*n. What are the prime factors of s?
101
Suppose 1685*y - 6079792 = 1569*y. List the prime factors of y.
2, 13103
Suppose t - 59 = -46. Suppose 16*c = t*c - 5*d + 3073, -3071 = -3*c - 4*d. What are the prime factors of c?
1021
Let x(z) = -8*z**2 - 2*z - 182 + 8*z**2 + 26*z**2 + 198. List the prime factors of x(4).
2, 53
Suppose -8*d - 207 = -5*d. Let k = d - -68. List the prime factors of (-58)/(4/2)*k.
29
Let y(f) = -9*f + 68. Let d be y(7). Suppose 0*q - 350 = -d*q. What are the prime factors of q?
2, 5, 7
Suppose -3*x - 2276 = -2*p + 2672, 4*x - 12324 = -5*p. List the prime factors of p.
2, 617
Let n(f) = -f**2 - 2*f + 8. Let d(z) = z - 4. Let j(c) = -7*d(c) - 4*n(c). Let k be j(2). What are the prime factors of (-11)/(385/10) + 564/k?
2, 5
Suppose -195*a = -375348 + 54768. What are the prime factors of a?
2, 3, 137
Let a be (-7)/(14/16)*-18. Suppose 4*g - 6*s - a = -2*s, -3*g - 2*s = -113. Suppose g + 48 = b. What are the prime factors of b?
5, 17
Let d = 171 - 169. Let g = 21 + -17. Suppose 0 = -d*k + g + 46. What are the prime factors of k?
5
Suppose 2*n - 6 = 12. Let t(w) = 9 + 5 + 7 + 10*w - 28. List the prime factors of t(n).
83
Let d = -40 - -35. Let z(s) = -4*s**3 + s**2 + 3*s - 5. Let i be z(d). Suppose -i = 6*v - 11*v. List the prime factors of v.
101
Let j(a) = 25*a**2 - 9*a - 21. Suppose 0 = -2*n - r - 4, 0 = 5*n - n - 2*r + 24. What are the prime factors of j(n)?
5, 83
Let g be (-4 - 5/(-1)) + 2 - 3. Suppose -2*r - 2*k = -49 + 319, g = -3*r - 5*k - 405. Let b = r - -237. What are the prime factors of b?
2, 3, 17
Suppose 0 = 12*h - 3962 - 30082. Suppose -h = 10*g - 14827. List the prime factors of g.
11, 109
Let n(f) = -2*f - 3 + 95*f**2 - 81*f**2 + 283*f**2 + 2*f. List the prime factors of n(-2).
3, 5, 79
Let z = -5810 + 17724. List the prime factors of z.
2, 7, 23, 37
Suppose 235*o - 234*o - g - 9254 = 0, -2*o + 3*g + 18511 = 0. List the prime factors of o.
11, 29
Let y = 139 - 135. Suppose 0 = y*w - 17 + 1. What are the prime factors of (-1)/(w + (4 - 1890/236))?
2, 59
Let w be 12*((-25)/(-15) - 1). Let h(g) = 7*g**2 - 14*g - 7. What are the prime factors of h(w)?
7, 47
Suppose -4*k + 10893 = 1845. Suppose 2*o - k = 226. List the prime factors of o.
2, 311
List the prime factors of (56/(-24))/(56/(-11784)).
491
Suppose -c + 199918 = 4*a, -111*a - 49900 = -112*a + 13*c. What are the prime factors of a?
2, 24989
Suppose -c + 2 = a, -4*c = -39*a + 38*a - 18. List the prime factors of (-3694)/(-18) + a*(-6)/(-54).
5, 41
Let z = 8713 + 15092. List the prime factors of z.
3, 5, 23
Suppose 3*g - 2*d - 217 = 0, 5*g + 0*d - 2*d = 367. Let i be ((-39)/4)/(-1)*64/(-12). Let q = g + i. List the prime factors of q.
23
Let c(j) = 14650*j + 574. List the prime factors of c(1).
2, 11, 173
Let k(l) = -3*l**3 - 35*l**2 - 171*l - 3. What are the prime factors of k(-27)?
2, 3, 11, 17
Let f = 11273 - 3821. Suppose 382*r = 376*r + f. What are the prime factors of r?
2, 3, 23
What are the prime factors of (-3 - 9756/(-10))/((-26)/(-130))?
3, 1621
Let h(a) = -5*a - 19. Let s be 6/8*(-10 + 2). Let q be h(s). Suppose 5*r = 466 - q. W